mon divisor of 21027510 and 14805.
315
What is the highest common factor of 18 and 916405254?
18
Calculate the greatest common divisor of 138600 and 18872.
56
Calculate the highest common factor of 22281902 and 3292.
1646
What is the greatest common factor of 80656521 and 396?
33
What is the highest common divisor of 15050 and 9247700?
350
What is the highest common factor of 180 and 21349512?
36
Calculate the greatest common factor of 100230 and 70423140.
7710
What is the highest common divisor of 50 and 4252475?
25
What is the highest common factor of 132 and 18501087?
33
Calculate the highest common divisor of 245 and 1716176.
49
Calculate the highest common factor of 585671180 and 215.
215
What is the highest common divisor of 271782 and 1949928?
4314
What is the highest common factor of 630 and 135038925?
315
Calculate the greatest common divisor of 2277 and 19346657.
253
Calculate the greatest common divisor of 5728 and 8320278.
358
What is the highest common factor of 8106 and 603428?
14
Calculate the highest common factor of 74892 and 801060.
948
Calculate the highest common divisor of 693198 and 15444.
594
Calculate the greatest common factor of 97405 and 268015.
605
What is the highest common factor of 176 and 6545272?
8
Calculate the highest common factor of 791040 and 1132176.
4944
What is the greatest common divisor of 7436 and 19008106?
338
Calculate the highest common divisor of 184659792 and 16.
16
What is the highest common factor of 3477 and 936289?
61
Calculate the highest common divisor of 33934360 and 120.
40
Calculate the highest common divisor of 66 and 463401543.
33
Calculate the greatest common divisor of 3096 and 4579371.
387
Calculate the greatest common divisor of 138496 and 691939.
541
What is the greatest common divisor of 1135 and 22361770?
1135
What is the greatest common divisor of 6077611 and 2?
1
Calculate the highest common factor of 1050 and 21852750.
150
What is the highest common divisor of 18 and 220499748?
18
Calculate the greatest common divisor of 17114862 and 1096.
274
Calculate the highest common factor of 43809296 and 368.
368
Calculate the highest common divisor of 1813152 and 101376.
1056
What is the highest common factor of 1200365 and 15?
5
Calculate the highest common factor of 2417737 and 124131.
161
What is the highest common factor of 9532397 and 119?
7
Calculate the greatest common divisor of 48 and 418413432.
24
Calculate the highest common factor of 29597132 and 4.
4
What is the highest common factor of 399812 and 22414?
14
What is the greatest common divisor of 2512808 and 32336?
376
What is the highest common factor of 1345 and 1208143560?
1345
Calculate the greatest common factor of 377598 and 2921802.
3666
Calculate the highest common factor of 90919410 and 20376.
1698
What is the greatest common factor of 16 and 13646840?
8
What is the highest common factor of 70 and 351020?
10
What is the greatest common divisor of 390 and 75944310?
390
What is the greatest common divisor of 36048485 and 132?
11
What is the highest common factor of 17180186 and 2404?
1202
Calculate the greatest common divisor of 7 and 11876053.
7
Calculate the greatest common divisor of 96 and 215709504.
96
Calculate the greatest common factor of 310856112 and 11970.
2394
Calculate the highest common divisor of 918177 and 128581.
1811
Calculate the highest common factor of 2596373 and 4225.
13
Calculate the highest common factor of 1431 and 813073.
53
Calculate the greatest common divisor of 12036 and 116511489.
3009
What is the greatest common divisor of 210 and 43715630?
70
Calculate the greatest common divisor of 9093 and 5145.
21
Calculate the greatest common divisor of 246328 and 88888.
328
Calculate the highest common factor of 214730 and 480286.
394
What is the greatest common divisor of 324 and 1059225012?
324
Calculate the highest common factor of 165895 and 8525.
5
What is the greatest common factor of 1431675 and 5656?
707
Calculate the highest common divisor of 136110 and 56485.
65
What is the greatest common factor of 1405680 and 810?
30
Calculate the highest common divisor of 474962697 and 2079.
297
What is the highest common divisor of 111050316 and 936?
468
What is the greatest common divisor of 30468 and 3636?
12
Calculate the highest common divisor of 3483069 and 14208.
111
Calculate the highest common factor of 1267 and 39631760.
1267
Calculate the highest common divisor of 279 and 16819083.
9
Calculate the highest common factor of 48129788 and 476.
476
What is the greatest common factor of 664684 and 115988?
428
What is the highest common divisor of 771220 and 820?
20
What is the highest common factor of 201 and 51575997?
201
Calculate the greatest common factor of 1296 and 1465236.
108
Calculate the highest common divisor of 1502163 and 1827.
9
What is the highest common divisor of 9576 and 268793?
133
What is the highest common divisor of 199400 and 3686906?
1994
Calculate the greatest common divisor of 4544 and 110784.
64
Calculate the greatest common divisor of 1220200 and 160.
40
Calculate the highest common factor of 1127238 and 10374.
42
Calculate the greatest common factor of 4472290 and 710.
710
What is the greatest common factor of 2610 and 3861000?
90
What is the highest common divisor of 3828 and 2310000?
132
Calculate the greatest common factor of 25972 and 331229.
43
Calculate the greatest common divisor of 529246404 and 522.
522
Calculate the highest common factor of 59500 and 59395.
35
Calculate the highest common divisor of 2249 and 6489403.
173
Calculate the highest common divisor of 128593 and 690.
23
What is the greatest common factor of 3390 and 20189145?
1695
Calculate the highest common factor of 3981240 and 6510.
30
Calculate the greatest common factor of 18543 and 443121.
21
What is the greatest common divisor of 24512 and 7435200?
64
Calculate the greatest common factor of 320050 and 191216.
74
What is the highest common factor of 1450 and 37261375?
725
What is the greatest common divisor of 552806 and 127942?
2414
Calculate the highest common divisor of 1543641 and 280401.
957
Calculate the highest common divisor of 103559 and 13287691.
3571
What is the greatest common factor of 38848 and 1773760?
64
What is the highest common divisor of 8658836 and 1013212?
1756
What is the greatest common factor of 4350 and 1305887400?
4350
Calculate the greatest common factor of 155355990 and 11610.
1290
What is the greatest common divisor of 40458 and 4062432?
66
What is the greatest common factor of 94 and 78743236?
94
What is the greatest common divisor of 457292 and 365750?
418
Calculate the greatest common divisor of 38461279 and 522.
29
Calculate the greatest common divisor of 180 and 3228156.
36
What is the greatest common factor of 78 and 3679518?
6
What is the greatest common factor of 2288 and 13113464?
104
What is the highest common divisor of 399 and 64333962?
399
What is the highest common factor of 78587 and 72357?
89
Calculate the greatest common factor of 415 and 2452190.
5
Calculate the highest common divisor of 458316 and 600822.
522
Calculate the greatest common factor of 1010 and 1121636310.
1010
Calculate the highest common factor of 81 and 1164658.
1
Calculate the highest common factor of 363817 and 5338.
17
What is the highest common factor of 15405 and 159?
3
What is the highest common divisor of 13646586 and 2076?
1038
What is the greatest common factor of 389091148 and 164?
164
What is the highest common factor of 64846015 and 455?
65
Calculate the highest common factor of 3485 and 267115.
205
What is the greatest common factor of 221977 and 262033?
1669
What is the greatest common divisor of 365 and 373140?
5
Calculate the highest common divisor of 321206823 and 63.
63
Calculate the greatest common factor of 28 and 2835644.
28
Calculate the highest common factor of 99 and 714897.
9
Calculate the greatest common divisor of 120966 and 90.
6
Calculate the greatest common divisor of 9063507 and 3.
3
Calculate the greatest common divisor of 106250 and 1420350.
850
What is the greatest common divisor of 229457 and 1314334?
269
What is the highest common factor of 72 and 2801488?
8
Calculate the highest common factor of 8625 and 11125.
125
Calculate the grea